4?
6
What is the units digit of 1073454?
4
What is the ten thousands digit of 8480402?
8
What is the hundred thousands digit of 868263?
8
What is the ten millions digit of 38198578?
3
What is the ten thousands digit of 229654?
2
What is the hundred thousands digit of 2910493?
9
What is the units digit of 653732?
2
What is the ten thousands digit of 13270703?
7
What is the millions digit of 1222398?
1
What is the thousands digit of 6663298?
3
What is the ten thousands digit of 2239685?
3
What is the hundreds digit of 8504629?
6
What is the millions digit of 10236983?
0
What is the ten thousands digit of 80568?
8
What is the hundreds digit of 8505333?
3
What is the hundred thousands digit of 1394635?
3
What is the thousands digit of 5301?
5
What is the hundreds digit of 39167?
1
What is the units digit of 4650078?
8
What is the units digit of 367836?
6
What is the tens digit of 172484?
8
What is the units digit of 27604?
4
What is the ten thousands digit of 53206?
5
What is the tens digit of 3982139?
3
What is the units digit of 8108799?
9
What is the tens digit of 436972?
7
What is the thousands digit of 401643?
1
What is the hundred thousands digit of 123480?
1
What is the tens digit of 10743151?
5
What is the hundreds digit of 610485?
4
What is the hundred thousands digit of 231951?
2
What is the tens digit of 86672?
7
What is the ten thousands digit of 451934?
5
What is the units digit of 8005?
5
What is the units digit of 1250767?
7
What is the hundreds digit of 3586269?
2
What is the units digit of 366946?
6
What is the tens digit of 1172474?
7
What is the hundred thousands digit of 261093?
2
What is the ten thousands digit of 899803?
9
What is the hundreds digit of 1057283?
2
What is the hundreds digit of 148113?
1
What is the thousands digit of 6681438?
1
What is the ten thousands digit of 7303465?
0
What is the millions digit of 1488126?
1
What is the hundreds digit of 18526486?
4
What is the units digit of 407307?
7
What is the ten thousands digit of 3066385?
6
What is the thousands digit of 116181?
6
What is the ten thousands digit of 933825?
3
What is the units digit of 1062?
2
What is the units digit of 2060961?
1
What is the ten thousands digit of 260970?
6
What is the tens digit of 3072307?
0
What is the tens digit of 512609?
0
What is the units digit of 64846?
6
What is the hundreds digit of 28519848?
8
What is the hundred thousands digit of 1283842?
2
What is the thousands digit of 6047543?
7
What is the hundred thousands digit of 200360?
2
What is the hundred thousands digit of 3522186?
5
What is the hundreds digit of 20334967?
9
What is the tens digit of 108707?
0
What is the hundred thousands digit of 381198?
3
What is the hundreds digit of 103508?
5
What is the tens digit of 5516679?
7
What is the ten thousands digit of 18141981?
4
What is the hundreds digit of 572518?
5
What is the ten thousands digit of 96799?
9
What is the hundred thousands digit of 2490070?
4
What is the ten thousands digit of 156031?
5
What is the ten thousands digit of 275847?
7
What is the thousands digit of 13584160?
4
What is the tens digit of 16926?
2
What is the ten thousands digit of 8353683?
5
What is the hundreds digit of 550092?
0
What is the hundred thousands digit of 1009686?
0
What is the ten thousands digit of 230475?
3
What is the millions digit of 1693685?
1
What is the hundred thousands digit of 351938?
3
What is the thousands digit of 3440749?
0
What is the thousands digit of 18913844?
3
What is the hundred thousands digit of 19369604?
3
What is the hundred thousands digit of 3878498?
8
What is the thousands digit of 171994?
1
What is the hundred thousands digit of 1288245?
2
What is the thousands digit of 7863121?
3
What is the ten thousands digit of 178661?
7
What is the ten millions digit of 38987931?
3
What is the hundred thousands digit of 217044?
2
What is the units digit of 1560842?
2
What is the hundreds digit of 6439053?
0
What is the tens digit of 821625?
2
What is the thousands digit of 35157?
5
What is the units digit of 1882397?
7
What is the thousands digit of 66297?
6
What is the thousands digit of 404949?
4
What is the thousands digit of 20744928?
4
What is the thousands digit of 1721185?
1
What is the hundred thousands digit of 457906?
4
What is the ten thousands digit of 2507872?
0
What is the thousands digit of 14162232?
2
What is the hundred thousands digit of 11837218?
8
What is the millions digit of 1292350?
1
What is the hundred thousands digit of 8030003?
0
What is the ten thousands digit of 685498?
8
What is the ten thousands digit of 92407?
9
What is the thousands digit of 192959?
2
What is the hundred thousands digit of 216095?
2
What is the millions digit of 6333371?
6
What is the hundred thousands digit of 36680563?
6
What is the hundreds digit of 547506?
5
What is the thousands digit of 1604181?
4
What is the tens digit of 705764?
6
What is the ten millions digit of 17714711?
1
What is the ten thousands digit of 65811?
6
What is the ten thousands digit of 965149?
6
What is the hundreds digit of 19001481?
4
What is the thousands digit of 60950?
0
What is the thousands digit of 6713?
6
What is the units digit of 595720?
0
What is the millions digit of 2657978?
2
What is the millions digit of 2236767?
2
What is the hundred thousands digit of 4912840?
9
What is the millions digit of 4907519?
4
What is the tens digit of 882461?
6
What is the thousands digit of 395351?
5
What is the hundreds digit of 8716917?
9
What is the tens digit of 1060461?
6
What is the hundred thousands digit of 123927?
1
What is the ten thousands digit of 662776?
6
What is the units digit of 1360566?
6
What is the hundreds digit of 616087?
0
What is the hundred thousands digit of 8978756?
9
What is the ten thousands digit of 120174?
2
What is the hundred thousands digit of 2002932?
0
What is the hundred thousands digit of 867503?
8
What is the ten thousands digit of 659496?
5
What is the ten thousands digit of 3372188?
7
What is the hundred thousands digit of 6178815?
1
What is the hundred thousands digit of 15167421?
1
What is the hundreds digit of 855737?
7
What is the tens digit of 593964?
6
What is the units digit of 17945324?
4
What is the hundreds digit of 18439392?
3
What is the units digit of 337235?
5
What is the thousands digit of 562523?
2
What is the hundred thousands digit of 5004433?
0
What is the hundred thousands digit of 6871467?
8
What is the thousands digit of 11362507?
2
What is the thousands digit of 89091?
9
What is the hundreds digit of 4417989?
9
What is the tens digit of 677346?
4
What is the tens digit of 884487?
8
What is the tens digit of 14682995?
9
What is the hundreds digit of 16067284?
2
What is the thousands digit of 85765?
5
What is the hundreds digit of 631270?
2
What is the millions digit of 3058560?
3
What is the hundreds digit of 736142?
1
What is the hundreds digit of 15492886?
8
What is the tens digit of 37254?
5
What is the hundred thousands digit of 2501000?
5
What is the thousands digit of 507741?
7
What is the tens digit of 346321?
2
What is the tens digit of 773985?
8
What is the tens digit of 9194512?
1
What is the units digit of 839342?
2
What is the ten thousands digit of 8569519?
6
What is the units digit of 2034714?
4
What is the hundred thousands digit of 2033581?
0
What is the thousands digit of 434696?
4
What is the tens digit of 892086?
8
What is the units digit of 6229629?
9
What is the tens digit of 8712523?
2
What is the ten thousands digit of 584436?
8
What is the tens digit of 522782?
8
What is the units digit of 7259062?
2
What is the thousands digit of 3114018?
4
What is the millions digit of 7740806?
7
What is the tens digit of 14393192?
9
What is the millions digit of 4259678?
4
What is the hundreds digit of 926060?
0
What is the ten thousands digit of 42993?
4
What is the thousands digit of 127620?
7
What is the hundreds digit of 1389435?
4
What is the millions digit of 17709699?
7
What is the thousands digit of 124581?
4
What is the units digit of 2874561?
1
What is the hundreds digit of 89709?
7
What is the units digit of 7806491?
1
What is the thousands digit of 614099?
4
What is the tens digit of 144149?
4
What is the thousands digit of 458840?
8
What is the hundred